= 0. Calculate the remainder when a is divided by 15.
14
Let v be 4 + 6 + -3 - 3. Suppose 0 = -v*g + 2*g + 6. Let y = 9 - 6. What is the remainder when g is divided by y?
0
Let h(j) = -4*j + 25. Calculate the remainder when 19 is divided by h(5).
4
Suppose 6 = -2*f + 2*i + 2*i, -3*i = f + 13. Let r = 151 + -240. Calculate the remainder when 24 is divided by r/f - (-6)/21.
11
Suppose -3*z + 113 = -145. Suppose 0 = l - 5*y - 8, -5*l + z = -5*y + 3*y. Calculate the remainder when 53 is divided by l.
17
Let l = 27 - 0. Calculate the remainder when l is divided by 16.
11
Suppose -5*i + 164 = -0*g - 3*g, -g - 3 = 0. Calculate the remainder when 121 is divided by i.
28
Let p = 145 - 78. Suppose 5*r + 34 = 7*r. Calculate the remainder when p is divided by r.
16
Suppose 115 = -7*x + 12*x. Calculate the remainder when 113 is divided by x.
21
Suppose 0 = 4*f - 9*f + 10. What is the remainder when f is divided by -1 - (-4 - 0) - 1?
0
Let j(q) = -2*q + 1. What is the remainder when 19 is divided by j(-5)?
8
Suppose -11*x - 44 = -15*x. Let w = -3 + x. What is the remainder when 15 is divided by w?
7
Let a(i) = -5*i - 3*i**2 + i - 2*i - 5 + 4*i**2. Calculate the remainder when a(12) is divided by 23.
21
Suppose 7*k - 5*k - 46 = 0. What is the remainder when k is divided by 13?
10
Suppose -15*h = -20*h + 420. Calculate the remainder when h is divided by 11.
7
Let f = 16 + -3. Calculate the remainder when 63 is divided by f.
11
Suppose 3*p - p + 5*h - 43 = 0, 4*p - 5*h - 41 = 0. Calculate the remainder when 27 is divided by p.
13
Suppose -4*z = -0*z - 32. Let n = z - 0. Let q = -6 + 29. What is the remainder when q is divided by n?
7
Let c(q) = -q**2 + q + 8. Let m(v) = -v**3 - 4*v**2 + 9*v + 4. Suppose -6 = 2*j + 6. What is the remainder when m(j) is divided by c(0)?
6
Let o(z) = 4*z + 4*z + 1 + 7*z**2 - 8*z**2. What is the remainder when 49 is divided by o(6)?
10
Suppose -2*v = v - 63. Suppose -3*w = 5*c - 46, -w + 6*c + 2 = c. Calculate the remainder when v is divided by w.
9
Let n(k) = -13*k**3 - 2*k**2 - k. Suppose 2*x - 3*s = 7, -5*x + 2*s = -3*s - 10. What is the remainder when 23 is divided by n(x)?
11
Suppose 5*v = 0, m = v + 4*v + 3. Suppose -1196 = -26*y - 0*y. What is the remainder when y is divided by (-2)/3 + 74/m?
22
Suppose -8*q = -4*q - 12. Suppose -4*a = -q*a - 24. What is the remainder when 70 is divided by a?
22
Suppose 2*o = -o, -p = -3*o - 25. Let l = p + -8. Calculate the remainder when 48 is divided by l.
14
Let h(c) = -c**2 - 2*c + 2. Let x be h(-2). Let l(v) = -2*v**x + 4*v**2 - 4 - 3 + 3*v + 3*v. Calculate the remainder when 23 is divided by l(-5).
10
Suppose 49 + 46 = 5*g. What is the remainder when g is divided by 10?
9
Let u = -3 - -12. Calculate the remainder when 24 is divided by u.
6
Let w = 13 + -9. Suppose -r - l = l - 20, -20 = -w*l. What is the remainder when 19 is divided by r?
9
Suppose 0 = 3*n - 8*n - 30. Suppose -5*i + u + 17 = 0, 3 = 3*u - 2*u. What is the remainder when 114/18 + 2/n is divided by i?
2
Let h = 24 + -8. Let p = -3 + h. Calculate the remainder when 38 is divided by p.
12
Let d(y) = -4*y**3 + y**2 - y - 3. What is the remainder when d(-2) is divided by 18?
17
Suppose -2*d = 3*d, 2 = -o + 5*d. What is the remainder when 49 - 0/(-5 - o) is divided by 17?
15
Suppose -6*m + 295 - 61 = 0. Calculate the remainder when 76 is divided by m.
37
Suppose u = -c + 34, -4*c + 0*u = 2*u - 132. Let y(i) = 4*i - 3. What is the remainder when c is divided by y(5)?
15
Let m be (0 - (-34 - 1)) + 1. Suppose -3*l + m + 12 = 0. What is the remainder when l is divided by (3 - 0)*3 + 0?
7
Suppose -4*g - 16 = 0, 24 = 5*n - 3*g - 58. Suppose -2*j + 22 = -j. Suppose 3*b - 184 = -j. What is the remainder when b is divided by n?
12
Let z(u) = -u**3 + 4*u**2 + u. What is the remainder when 25 is divided by z(2)?
5
Suppose -7*s + 5 = -6*s. Suppose -2*k = -4 - 30. Calculate the remainder when k is divided by s.
2
Let b(g) = 0*g**2 - 5*g - 2*g + 46 + g**2 - 54. Calculate the remainder when 16 is divided by b(9).
6
Let h be (-4 - -2)/(0 - -2). Let u be (1 - -1)/(h/5). Let y = -4 - u. What is the remainder when 17 is divided by y?
5
Suppose -167 = -6*a - 5. Suppose -5*k - 19 + 279 = 0. Calculate the remainder when k is divided by a.
25
Suppose 7*k = 6*k + 47. Calculate the remainder when k is divided by 12.
11
Suppose 0 = -z - 3*z + 32. Let j be (z/5)/(9/45). Suppose 4*c + 2*p = j, -c - 3*p = -3 - 4. Calculate the remainder when 1 is divided by c.
0
Suppose -53 = 12*k - 305. Let y(p) be the first derivative of 13*p**2/2 - 3*p + 1. Calculate the remainder when y(5) is divided by k.
20
Let m(u) = -100*u**3 + 6*u**2 + 3*u. Let f be m(-2). Calculate the remainder when (-4)/5 + f/10 is divided by 21.
18
Let g(c) = -2*c + 22. Calculate the remainder when 36 is divided by g(3).
4
What is the remainder when 137 is divided by -2*(1 - (-4 - 66/(-4)))?
22
Let m = -20 + 29. What is the remainder when 17 is divided by (1 - 0)/(1/m)?
8
Suppose 22*k - 25*k + 45 = 0. What is the remainder when 72 is divided by k?
12
Let i(l) = l**2 + 10*l - 10. Let j(o) = -o + 1. Let n(q) = 2*i(q) + 18*j(q). Suppose -2*p - 2*p + 116 = 0. What is the remainder when p is divided by n(2)?
9
Let n = 4 + 24. Suppose -3*w + 4*i + 23 = -0*i, 8 = -4*i. Suppose 2*y - 3*k = 39, w*y - 38 = 4*k + 49. What is the remainder when n is divided by y?
13
Let b(c) = -c**3 - 12*c**2 - 12*c - 7. Let k be b(-11). Suppose x - k*x + 36 = 0. Calculate the remainder when 18*(2 + (-2)/(-4)) is divided by x.
9
Suppose 2*v + w - 26 = 24, v + 4*w = 25. Suppose y + 0*y - v = 0. What is the remainder when y is divided by 7?
4
Suppose 0 = -v - 3*v + 160. Suppose -5*d - 14 = 5*t - 4, -4*d + 4*t - v = 0. Let i(x) = -3*x. Calculate the remainder when 35 is divided by i(d).
17
Let c(x) = -x**3 - 11*x**2 - 10*x + 12. What is the remainder when c(-10) is divided by 7?
5
Let f(c) = 8*c - 20. Let q(m) = m**2 - 3*m - 8. Calculate the remainder when f(6) is divided by q(6).
8
What is the remainder when 15 + 1 + 0 + -1 is divided by 9?
6
Let u = 16 + -26. Calculate the remainder when 21 is divided by u/60 - (-134)/12.
10
Let d(g) = -g**2 + g + 54. Calculate the remainder when d(0) is divided by (-61)/(-4) + -1 + 1/(-4).
12
Let m be (-5 - -5)/(0 - 1). Suppose m*c = c. Suppose -s = -c*s - 28. What is the remainder when s is divided by 15?
13
Let f = 16 + -1. Calculate the remainder when (-6)/(-12)*(51 + -1) is divided by f*3/15*3.
7
What is the remainder when ((-6)/(-5))/(3/390) is divided by 40?
36
Let y(z) = z**2 - 2*z + 2. Let u be y(2). Let a(k) = 12*k**2 - k - 1. Let m be a(-3). Suppose 3*q + u*q = m. What is the remainder when q is divided by 8?
6
Suppose -2 = -m - 6. Let h = m + 9. Suppose -8 = -h*w + 62. What is the remainder when 27 is divided by w?
13
Suppose 272 = 3*a - 187. Calculate the remainder when a is divided by 31.
29
Suppose 0 = h + 3 - 6. Suppose -z = h*z - 224. Calculate the remainder when z is divided by 19.
18
Suppose -t + 2*l + 1 = 2, l = -5*t + 39. Let x = 75 - 48. What is the remainder when x is divided by t?
6
Let r = 14 + 0. Let p = r - 2. Calculate the remainder when p is divided by 5.
2
Let f(i) = -i**3 + 9*i**2 - 8*i + 8. Let u be f(8). Let j be (-4)/(1*(-1 - -2)). What is the remainder when 9 is divided by (-21)/j - 2/u?
4
Suppose -32 = -4*j - 0*j. Let r(x) = 13*x**3 + 1. Let l(z) = -z**2 - z + 1. Let b be l(-1). What is the remainder when r(b) is divided by j?
6
Let a(d) be the first derivative of d**3/3 - 3*d**2 - 4*d - 4. What is the remainder when 5 is divided by a(7)?
2
Suppose -2*t + 54 = -0*t. What is the remainder when t is divided by 14?
13
Let s(y) = 4*y**2 - 2*y - 1. Calculate the remainder when 64 is divided by s(2).
9
Let o be (-1 - 0) + -1 + 0. Let f be (-110)/4*4/o. Suppose -f = -5*u - 4*a, a - 55 = -5*u + 4*a. Calculate the remainder when 31 is divided by u.
9
Let c(t) = 6*t**2 + 33*t + 14. Calculate the remainder when c(-6) is divided by 18.
14
Let l = -15 + 29. Let j = 49 - 27. Let i = j - -19. What is the remainder when i is divided by l?
13
Suppose -r + 5*c + 27 = 0, -30 = 5*r + 5*c - 195. Let j = -8 + 25. What is the remainder when r is divided by j?
15
Let a(b) = -b**2 + 6*b. What is the remainder when 22 is divided by a(3)?
4
Let u = -6 + 6. Suppose 2*p + u 